{"id":48,"date":"2015-09-11T21:46:09","date_gmt":"2015-09-11T21:46:09","guid":{"rendered":"http:\/\/agfsdxx.cluster121.hosting.ovh.net\/?page_id=48"},"modified":"2024-07-14T12:43:43","modified_gmt":"2024-07-14T12:43:43","slug":"kontakt","status":"publish","type":"page","link":"https:\/\/diamanta.pl\/index.php\/kontakt\/","title":{"rendered":"Kontakt"},"content":{"rendered":"<h3 style=\"text-align: center;\">Rejestracja telefoniczna w godzinach 09:00 -16:00<\/h3>\n<h3 style=\"text-align: center;\">pod numerem: 733 83 44 64<\/h3>\n<h4 style=\"text-align: center;\">ul. Zabrza\u0144ska 30,\u00a041-907 BYTOM<\/h4>\n<p><strong>UWAGA: z przyczyn od nas niezale\u017cnych na PARKINGU trzeba pobra\u0107 bilet &#8211; pierwsza godzina bezp\u0142atna.<\/strong><\/p>\n<p><iframe loading=\"lazy\" style=\"border: 0;\" src=\"https:\/\/www.google.com\/maps\/embed?pb=!1m18!1m12!1m3!1d3815.380549351948!2d18.904846627332994!3d50.339306300162306!2m3!1f0!2f0!3f0!3m2!1i1024!2i768!4f13.1!3m3!1m2!1s0x4716d2d5b1d97727%3A0xdc082b08ea711b7b!2sStomatologia%2C+Medycyna+Estetyczna+Diamanta+dr+n.+med+Agnieszka+Sroczy%C5%84sk!5e0!3m2!1spl!2spl!4v1447017122968\" width=\"600\" height=\"450\" frameborder=\"0\" allowfullscreen=\"allowfullscreen\"><\/iframe><\/p>\n","protected":false},"excerpt":{"rendered":"<p>Rejestracja telefoniczna w godzinach 09:00 -16:00 pod numerem: 733 83 44 64 ul. Zabrza\u0144ska 30,\u00a041-907 BYTOM UWAGA: z przyczyn od nas niezale\u017cnych na PARKINGU trzeba pobra\u0107 bilet &#8211; pierwsza godzina bezp\u0142atna.<\/p>\n","protected":false},"author":1,"featured_media":0,"parent":0,"menu_order":0,"comment_status":"closed","ping_status":"closed","template":"","meta":{"footnotes":""},"class_list":["post-48","page","type-page","status-publish","hentry"],"_links":{"self":[{"href":"https:\/\/diamanta.pl\/index.php\/wp-json\/wp\/v2\/pages\/48","targetHints":{"allow":["GET"]}}],"collection":[{"href":"https:\/\/diamanta.pl\/index.php\/wp-json\/wp\/v2\/pages"}],"about":[{"href":"https:\/\/diamanta.pl\/index.php\/wp-json\/wp\/v2\/types\/page"}],"author":[{"embeddable":true,"href":"https:\/\/diamanta.pl\/index.php\/wp-json\/wp\/v2\/users\/1"}],"replies":[{"embeddable":true,"href":"https:\/\/diamanta.pl\/index.php\/wp-json\/wp\/v2\/comments?post=48"}],"version-history":[{"count":0,"href":"https:\/\/diamanta.pl\/index.php\/wp-json\/wp\/v2\/pages\/48\/revisions"}],"wp:attachment":[{"href":"https:\/\/diamanta.pl\/index.php\/wp-json\/wp\/v2\/media?parent=48"}],"curies":[{"name":"wp","href":"https:\/\/api.w.org\/{rel}","templated":true}]}}